
In base 7, what is 10044 - 151?
6563
In base 15, what is -e497a + 4?
-e4976
In base 4, what is 3 - 33101303?
-33101300
In base 11, what is 361 + -12608?
-12257
In base 4, what is -11 + 331202111?
331202100
In base 2, what is 10 - -11011001101101?
11011001101111
In base 8, what is 7206 + -1376?
5610
In base 12, what is -b93 + -5?
-b98
In base 13, what is 8b6 + -51b?
398
In base 9, what is -1528265 + 4?
-1528261
In base 11, what is 21516 + -3?
21513
In base 12, what is 3a025b - -3?
3a0262
In base 8, what is -14 - -3221?
3205
In base 15, what is 5 - -485?
48a
In base 9, what is -10231715 + 0?
-10231715
In base 12, what is -2b37 - -9?
-2b2a
In base 11, what is a906 + 0?
a906
In base 13, what is 8717 - -4?
871b
In base 11, what is 15175aa + 3?
1517602
In base 2, what is 10111011 + -100111001100?
-100100010001
In base 7, what is 124164 - -10?
124204
In base 12, what is 6689 + -2?
6687
In base 10, what is -3 - -26395?
26392
In base 8, what is -53 - 135424?
-135477
In base 8, what is 3 + -260022?
-260017
In base 9, what is 26 - 10254?
-10227
In base 15, what is 3b97 - -1?
3b98
In base 6, what is -1125 - 2321?
-3450
In base 15, what is 68326 - 3?
68323
In base 3, what is -12210120121 - -12?
-12210120102
In base 4, what is 3 - 3020323?
-3020320
In base 2, what is -1100111 - 1100110011?
-1110011010
In base 2, what is 10010 + 1000100110100?
1000101000110
In base 15, what is -4 + -36b06?
-36b0a
In base 16, what is b2 - 237?
-185
In base 6, what is 435 - 1015?
-140
In base 13, what is -11b + 4b?
-a0
In base 2, what is 101111 + 1111110011110?
1111111001101
In base 9, what is -15 - 24385?
-24411
In base 8, what is -4 - 1166015?
-1166021
In base 10, what is -200856 - 1?
-200857
In base 7, what is -2 + 200621?
200616
In base 10, what is 37 - 19233?
-19196
In base 6, what is -354102 - 115?
-354221
In base 12, what is 770b4 + 13?
77107
In base 16, what is 7fc6 - 0?
7fc6
In base 4, what is -10 + 222002031?
222002021
In base 2, what is 1110 + -1101111010101?
-1101111000111
In base 6, what is 4 - -213324?
213332
In base 9, what is 274207 - 3?
274204
In base 2, what is -1010011101010010 - 10011?
-1010011101100101
In base 10, what is -13 + 52519?
52506
In base 9, what is 24833 - 5?
24827
In base 12, what is 1934 - 0?
1934
In base 11, what is 29a62 - 6?
29a57
In base 10, what is -382 + -7997?
-8379
In base 11, what is -3 - 32306?
-32309
In base 4, what is -32 + 211323230?
211323132
In base 2, what is 111001111 - 10010?
110111101
In base 13, what is 4 + 1131?
1135
In base 8, what is -327 + 61457?
61130
In base 10, what is 253 + -180?
73
In base 11, what is -31 + 105a9?
10578
In base 2, what is 100110100 + 10110000010?
11010110110
In base 16, what is -3d46 - a?
-3d50
In base 10, what is 38 + -3987?
-3949
In base 2, what is 101100110 - -11101?
110000011
In base 7, what is -1 - -40451?
40450
In base 13, what is a + -1013?
-1006
In base 8, what is -1423 + 321?
-1102
In base 2, what is 11101100 - -11010100?
111000000
In base 15, what is 14b31 + -5?
14b2b
In base 5, what is 3034323 - 10?
3034313
In base 16, what is 7 + -870?
-869
In base 12, what is -35 - -8a07?
8992
In base 13, what is -75876 - 3?
-75879
In base 15, what is -b05 + -d?
-b13
In base 5, what is -20141 - -13?
-20123
In base 7, what is 5 - 56654?
-56646
In base 3, what is 101 - -1010010100?
1010010201
In base 13, what is 1 - -a373?
a374
In base 14, what is -1b6 - -237?
61
In base 16, what is -e - -2ac9?
2abb
In base 2, what is -1111100110111 - 1000011?
-1111101111010
In base 13, what is 2 - -53bb2c?
53bb31
In base 3, what is 210101 - 2200?
200201
In base 13, what is 1b - 321?
-303
In base 2, what is -101111001100010 - 11?
-101111001100101
In base 13, what is 29c9 + -178?
2851
In base 14, what is -5 - b95a6?
-b95ab
In base 12, what is -8780 - 51?
-8811
In base 6, what is 10323440 + 1?
10323441
In base 3, what is -1101 - 211000?
-212101
In base 8, what is 2 - 21125?
-21123
In base 7, what is 60 + -13040?
-12650
In base 10, what is -17703 - 21?
-17724
In base 7, what is -214354 + 14?
-214340
In base 15, what is 2c7 + -402?
-12a
In base 2, what is -1010 - -1110110000110000?
1110110000100110
In base 8, what is 0 + 7343?
7343
In base 8, what is -213 + -20111?
-20324
In base 10, what is -35 + 156825?
156790
In base 15, what is -2a05 + -12?
-2a17
In base 4, what is -1233320 + 201?
-1233113
In base 10, what is 3 - 59262?
-59259
In base 14, what is -4b5 + -21?
-4d6
In base 13, what is -750 + -3?
-753
In base 3, what is -12 - -102011102002?
102011101220
In base 10, what is 933 - 837?
96
In base 9, what is 2207 + -304?
1803
In base 10, what is 3275 + -86?
3189
In base 3, what is -120 - -2020020000?
2020012110
In base 16, what is 24 - 1d80?
-1d5c
In base 13, what is 41 + -4ca?
-489
In base 12, what is -31 + 849?
818
In base 11, what is -106a + 83?
-a97
In base 14, what is d8 + -6a?
6c
In base 16, what is a - b204e?
-b2044
In base 15, what is -3 + -2a20c?
-2a210
In base 15, what is 7 - -151?
158
In base 13, what is -b0 + bc?
c
In base 12, what is -131794 + -9?
-1317a1
In base 15, what is 6 - e6e?
-e68
In base 12, what is 14 + 74916?
7492a
In base 14, what is 80a + 686?
1092
In base 6, what is -15310541 + -2?
-15310543
In base 4, what is 10 + 1222231300?
1222231310
In base 10, what is -56 - 7040?
-7096
In base 7, what is -101044 + 3?
-101041
In base 10, what is 2975 + 11?
2986
In base 15, what is 0 - -209d9c?
209d9c
In base 4, what is 10 - -100023131?
100023201
In base 8, what is -61 - 34637?
-34720
In base 10, what is 1701 + 78?
1779
In base 13, what is 7602 - 3?
75cc
In base 12, what is -1 + -5508?
-5509
In base 15, what is -19 - -35529?
35510
In base 7, what is 1532 + 34062?
35624
In base 16, what is -8 - -2927?
291f
In base 7, what is 650061 + 6?
650100
In base 13, what is -765b3 + 12?
-765a1
In base 3, what is -222 - -111220111?
111212112
In base 7, what is -345 + -4132?
-4510
In base 11, what is 11 - 793?
-782
In base 7, what is 46130 + -126?
46001
In base 12, what is -131a7 - -3?
-131a4
In base 5, what is -1021230 - 120?
-1021400
In base 15, what is -528a + -3?
-528d
In base 6, what is -121211 - 5?
-121220
In base 9, what is 777 + -268?
508
In base 10, what is -2869 + 454?
-2415
In base 5, what is 100 - -143342?
143442
In base 16, what is -10659 - 49?
-106a2
In base 7, what is 6 - 1124004?
-1123665
In base 4, what is 121200 + -32?
121102
In base 5, what is 242322 - 30?
242242
In base 2, what is 0 + -10100110010?
-10100110010
In base 7, what is 553206 - 3?
553203
In base 2, what is -1111011100101 + 111111?
-1111010100110
In base 12, what is -2 + -5428?
-542a
In base 2, what is -1011000100101 - 0?
-1011000100101
In base 13, what is 129 + 1c72?
209b
In base 15, what is 2d8c5 + -9?
2d8bb
In base 14, what is 6 - -123c?
1244
In base 13, what is -a006 - 5?
-a00b
In base 8, what is -43 + 35101?
35036
In base 11, what is 881a0 + 6?
881a6
In base 6, what is 1453 + -23?
1430
In base 2, what is 101011 - 1100?
11111
In base 7, what is 4 + -366252?
-366245
In base 9, what is -157 - 2080?
-2247
In base 9, what is 157601 - 12?
157578
In base 8, what is 326755 - 10?
326745
In base 6, what is 3 - -5102342?
5102345
In base 14, what is 155 + 7b2?
927
In base 9, what is 4 + -211437?
-211433
In base 3, what is -12 - -21201102011?
21201101222
In base 16, what is -75 + -32e?
-3a3
In base 14, what is 950d - -66?
9575
In base 9, what is 22286 + 0?
22286
In base 4, what is -11 - 10010110?
-10010121
In base 8, what is -1 - 336315?
-336316
In base 8, what is 66532 + 1?
66533
In base 7, what is 4 - 641120?
-641113
In base 7, what is -12 + 3140113?
3140101
In base 7, what is 113151 + 6?
113160
In base 12, what is 1949 + bb0?
2939
In base 2, what is -10100011 + 10011111?
-100
In base 4, what is -3122330 + 22?
-3122302
In base 4, what is -30 - -2012313133?
2012313103
In base 4, what is 0 + -13131331?
-13131331
In base 12, what is 2 + 9334?
9336
In base 3, what is -112112 + 110221?
-1121
In base 7, what is 5426 - 143?
5253
In base 8, what is -2 + 62512?
62510
In base 5, what is 12313 + 14033?
31401
In base 16, what is 5 - 17ba8?
-17ba3
In base 15, what is 3 - -13acb?
13ace
In base 8, what is -5173 - -26?
-5145
In base 16, what is -44 - 515a?
-519e
In base 9, what is 102 + 3822?
4024
In base 9, what is 16 - 2372?
-2355
In base 4, what is 11 - -12030